ighest common factor of 194600945 and 5?
5
What is the greatest common factor of 5872684 and 536?
268
Calculate the greatest common factor of 1353 and 1549589547.
1353
Calculate the highest common factor of 83138 and 486818338.
7558
Calculate the highest common factor of 1416298 and 4940.
494
Calculate the greatest common factor of 8360919 and 6300.
63
What is the highest common factor of 592983512 and 6490?
1298
What is the highest common divisor of 3135 and 534945?
285
What is the highest common divisor of 7638 and 798114?
114
What is the highest common factor of 12069 and 119430?
9
Calculate the highest common divisor of 3624355 and 70.
35
Calculate the highest common divisor of 2320362 and 1386.
198
What is the greatest common factor of 14676805 and 2915?
55
What is the greatest common factor of 63 and 6168348?
9
What is the greatest common divisor of 4712 and 7259938?
38
What is the highest common factor of 145637566 and 1467?
163
Calculate the highest common divisor of 111234133 and 79.
79
What is the greatest common divisor of 6588 and 11498744?
244
What is the greatest common divisor of 1039026 and 7536?
942
Calculate the greatest common divisor of 250656 and 1218.
42
Calculate the highest common factor of 4864816 and 220.
44
What is the highest common factor of 17539409 and 253?
23
Calculate the highest common divisor of 216 and 3589956.
36
Calculate the highest common factor of 4171 and 11806549.
97
Calculate the highest common divisor of 188 and 62929193.
47
What is the greatest common factor of 1413857 and 30216?
1259
Calculate the greatest common factor of 128769435 and 45.
45
What is the highest common divisor of 5644 and 1958800?
332
Calculate the highest common divisor of 10 and 2423245.
5
What is the greatest common factor of 4688825 and 37675?
3425
Calculate the greatest common divisor of 1363845 and 357.
21
What is the greatest common divisor of 165518370 and 135?
135
Calculate the highest common factor of 9465 and 285.
15
Calculate the greatest common factor of 35492474 and 426.
142
Calculate the highest common factor of 261 and 4945109.
29
What is the greatest common divisor of 480572 and 152?
4
Calculate the greatest common divisor of 389750 and 10210.
10
What is the greatest common factor of 670 and 139237390?
670
What is the greatest common factor of 399520 and 71720?
440
What is the highest common divisor of 4041861 and 3?
3
Calculate the greatest common factor of 3098514 and 598.
46
What is the highest common divisor of 375662 and 3304?
14
Calculate the greatest common factor of 5091 and 24214493.
1697
What is the highest common factor of 829024 and 3131046?
7402
Calculate the highest common factor of 222087 and 5386530.
1227
Calculate the greatest common factor of 15300 and 91476405.
765
What is the greatest common divisor of 7924872 and 9012?
12
What is the greatest common divisor of 1539 and 10790727?
57
What is the highest common divisor of 1569 and 16501173?
1569
What is the greatest common divisor of 24440 and 7839520?
520
What is the greatest common factor of 142675984 and 836?
44
Calculate the highest common factor of 9477 and 9643941.
729
Calculate the highest common divisor of 4482 and 78516.
54
What is the greatest common factor of 141 and 2529?
3
Calculate the greatest common factor of 90432 and 594.
18
What is the highest common factor of 76229919 and 63?
9
What is the highest common divisor of 204 and 1185382?
2
Calculate the greatest common factor of 8996970 and 7984.
998
What is the highest common factor of 398784 and 125625?
201
What is the greatest common divisor of 2789752 and 111104?
1736
What is the greatest common factor of 247914 and 2970?
54
What is the greatest common factor of 4344112632 and 24?
24
Calculate the highest common factor of 46125432 and 4104.
72
Calculate the greatest common factor of 300461 and 7.
7
What is the highest common factor of 78 and 389407902?
78
What is the greatest common divisor of 1857324 and 336?
84
What is the highest common divisor of 16224 and 6900192?
1248
What is the highest common factor of 1612394140 and 518?
518
What is the highest common divisor of 77217700 and 154?
14
What is the greatest common factor of 61096583 and 37?
37
What is the highest common factor of 2730 and 33760860?
210
What is the highest common divisor of 8112 and 64962768?
624
Calculate the highest common divisor of 695105 and 10.
5
What is the highest common factor of 6870199 and 77?
7
What is the greatest common factor of 99320 and 9701845?
955
What is the greatest common divisor of 1822233 and 171?
57
Calculate the highest common factor of 698 and 3465919.
349
Calculate the greatest common factor of 610778 and 60872.
14
What is the greatest common factor of 1065820 and 924?
28
What is the greatest common divisor of 115 and 161062445?
115
What is the greatest common factor of 8180 and 2349966760?
8180
Calculate the highest common factor of 846 and 10020964.
94
Calculate the highest common divisor of 978 and 643841850.
978
Calculate the highest common divisor of 36636353 and 65.
13
What is the greatest common factor of 779300 and 425900?
100
What is the highest common divisor of 572 and 2108084?
44
What is the greatest common factor of 74830 and 12851518?
2138
Calculate the highest common divisor of 7436 and 1221324.
52
What is the highest common factor of 119947843 and 157?
157
What is the highest common factor of 1746700 and 28?
4
Calculate the greatest common divisor of 5130 and 250401.
57
Calculate the highest common divisor of 3448390 and 638.
638
Calculate the greatest common factor of 38300 and 378050.
50
Calculate the greatest common factor of 5666 and 47914529.
2833
What is the highest common divisor of 48757548 and 1392?
12
Calculate the highest common factor of 2494184 and 1408.
88
What is the highest common divisor of 128 and 4886752?
32
What is the highest common divisor of 13224 and 3397176?
696
What is the highest common divisor of 1057140 and 2844?
36
Calculate the highest common divisor of 389319120 and 5157.
1719
What is the highest common factor of 12350376 and 1685?
337
Calculate the highest common divisor of 50316486 and 594.
66
Calculate the highest common factor of 108 and 14460972.
12
What is the highest common factor of 35522458 and 4?
2
Calculate the greatest common divisor of 22611064 and 280.
56
Calculate the highest common divisor of 5802450 and 3830.
3830
Calculate the highest common divisor of 236269 and 5291.
11
What is the greatest common divisor of 45178 and 675985506?
6454
Calculate the highest common factor of 2165175 and 600.
75
Calculate the greatest common factor of 29810 and 605.
55
Calculate the greatest common factor of 559893 and 39.
3
Calculate the highest common factor of 16150783 and 66.
11
What is the greatest common factor of 128 and 2844912?
16
What is the highest common factor of 211530 and 250?
10
What is the highest common divisor of 24 and 14613816?
24
What is the greatest common divisor of 9595118 and 214?
214
What is the highest common divisor of 7329182 and 1036?
518
What is the greatest common factor of 1274931 and 21240?
531
What is the highest common divisor of 15 and 537501795?
15
What is the greatest common factor of 714584 and 2184?
104
Calculate the greatest common factor of 303073708 and 42.
14
What is the greatest common factor of 293244 and 12474?
42
What is the highest common divisor of 8520 and 5425110?
2130
What is the greatest common divisor of 138 and 105477?
3
Calculate the highest common divisor of 9309267 and 27.
9
Calculate the highest common divisor of 282226 and 3059.
133
Calculate the highest common divisor of 1257784731 and 3.
3
What is the highest common factor of 643456 and 4136764?
1828
What is the greatest common factor of 2358 and 44322147?
1179
Calculate the greatest common divisor of 4166964 and 432.
108
Calculate the greatest common divisor of 271793763 and 4887.
1629
What is the highest common divisor of 13677 and 703347?
291
Calculate the highest common divisor of 7819304 and 992.
8
What is the greatest common factor of 48442752 and 2160?
432
What is the highest common divisor of 14597043 and 177693?
2913
Calculate the greatest common divisor of 1050066 and 1476.
18
What is the highest common f